u(-7). Let c = -2 + o. Suppose -b + 4*b + 5*a - 60 = 0, -2*a + 80 = c*b. What is the greatest common divisor of 140 and b?
20
Let f(g) = -4*g + 1. Let t be f(-4). Let v = t + -1. Calculate the highest common divisor of v and 144.
16
Let q = 85 + -58. Let n = 47 + -44. Calculate the greatest common divisor of n and q.
3
Let p = 63 + -41. Calculate the greatest common divisor of p and 154.
22
Let f be 0 + (5 - 4) - -1. Calculate the greatest common factor of f and 16.
2
Let y(l) = -l**2 + 8*l - 2. Let b be y(7). Let q(d) = d**3 - 5*d**2 + 6*d - 7. Let f be q(b). Calculate the highest common divisor of f and 184.
23
Let o = 16 - -39. Calculate the highest common divisor of o and 22.
11
Let a be 359/3 - 2/3. Calculate the greatest common divisor of 7 and a.
7
Suppose 2*n + 6 = 58. Let v(l) = -l**3 + 6*l**2 + 6*l + 3. Let p be v(6). What is the greatest common divisor of p and n?
13
Let h = -2 + 17. Calculate the highest common factor of 6 and h.
3
Let d = 2 - -7. Let s be 3 + (52 - d/3). Let l = -11 + 24. What is the highest common divisor of s and l?
13
Let h(j) = -j - 3. Let p be h(-8). Suppose 5*k + 2 - 12 = 0. Calculate the highest common divisor of p and k.
1
Suppose -136 = -61*q + 59*q. What is the greatest common divisor of q and 4?
4
Suppose 131 = -7*k + 768. What is the greatest common divisor of k and 13?
13
Let f = -3 - -4. Suppose -2*m = -3*h + f, -h + 9 - 2 = -2*m. Let x be h/(-6) + 166/4. What is the greatest common divisor of x and 14?
14
Suppose -168 = -3*y - 0*y. Calculate the greatest common divisor of y and 14.
14
Let c(g) = -g**3 + 6*g**2 + 7*g - 4. Let k be c(5). What is the highest common factor of 140 and k?
28
Let x be (0 + -3 - 12)/(-1). What is the greatest common divisor of 120 and x?
15
Suppose -5*d + 64 + 131 = 0. Calculate the highest common factor of d and 312.
39
Suppose -4*w + 9*w = 1090. Let u be 3/7 + w/14. What is the highest common factor of u and 24?
8
Let d be (4 - 2)*2/1. Suppose -x - 174 = -4*x. Suppose 4*l - 22 - x = 4*k, -k + d = 0. What is the greatest common factor of l and 36?
12
Suppose 4*d - 8*d + 2*u = 0, 4*d + u - 6 = 0. Let h(x) = 1 - 2*x + x + 0*x. Let z be h(0). Calculate the highest common divisor of d and z.
1
Let d(o) = o**2 - 1. Let f be d(1). Suppose a + f*a - 8 = 0. What is the greatest common divisor of 24 and a?
8
Let g be (64/(-6))/(0 + (-1)/3). Calculate the greatest common divisor of g and 8.
8
Let m be 44/10 + (-2)/5. Let f(o) = -o**2 + 9*o - 12. Let c be f(5). What is the greatest common divisor of c and m?
4
Let h be (2 + (-32)/10)/(2/(-30)). Calculate the highest common divisor of 81 and h.
9
Let o be (-2 - -1) + 15/(-3). Let l = 13 + o. What is the greatest common factor of 56 and l?
7
Suppose 3*j = 6*j + 279. Let f(s) = -2*s**2 - 2*s. Let k be f(-6). Let y = k - j. Calculate the greatest common divisor of y and 22.
11
Suppose 0 = -4*n - s - 9, -n + 0*n - 1 = -s. Let x be ((-4)/8)/(n/396). What is the greatest common divisor of x and 9?
9
Suppose -7 = 2*n - 1, -5*n = -k + 18. Let w be (18/(-8))/((-6)/32). What is the highest common factor of w and k?
3
Suppose 1 = c - 1. Suppose -3*r + 12 = -2*t - t, 3*r = c*t + 14. Calculate the highest common divisor of r and 66.
6
Let n(o) be the second derivative of o - 1/6*o**3 + 0 + 4*o**2. Let i be n(0). What is the greatest common divisor of i and 56?
8
Suppose 3*m = 4*m + 3*c + 9, 0 = -4*m + 2*c - 22. Let y be -4 - m - (0 + -33). What is the highest common divisor of 14 and y?
7
Let w = 223 - 80. Calculate the highest common factor of w and 13.
13
Let t = 107 + -76. What is the greatest common factor of 341 and t?
31
Let b(t) = 2*t**3 - 10*t**2 + 6*t + 4. Let d be b(6). Calculate the highest common factor of d and 16.
16
Let i be 69 - -1 - 2/(-1). Suppose -6*f = -8*f + i. What is the greatest common divisor of f and 4?
4
Suppose -15 - 6 = -3*x - 4*d, -5*d + 3 = -4*x. Suppose -1 = -5*s - 2*k + 1, x*k = -3*s - 6. Calculate the highest common factor of s and 5.
1
Let p = 58 + -46. Calculate the highest common factor of 108 and p.
12
Let y be (-3 - (0 + -6)) + 6. What is the highest common divisor of 99 and y?
9
Suppose -619 = 2*z - 5*z + 5*r, 5*r = -2*z + 421. What is the highest common divisor of 13 and z?
13
Let s be (0 + 1)*(57 + -12). Suppose 0 = 5*p - 8*p + s. Calculate the greatest common divisor of 6 and p.
3
Suppose -24 = 3*w - 5*w. Let j(k) = -1 - 2*k - 2*k**2 + k**3 - 5*k + 4 + 3. Let x be j(6). Calculate the greatest common factor of w and x.
12
Suppose x + 15 + 2 = 4*u, -3*u + 8 = 4*x. Suppose -u*h + 504 = -h. Calculate the highest common factor of h and 21.
21
Suppose 2 = -4*c + 2*c. Let h(j) = 4*j**3 - j**2 + j. Let p be h(1). Let u = p + c. What is the highest common factor of u and 3?
3
Let i(v) = v**2 - 3*v. Let p be i(4). Suppose p*s = -s + 180. What is the greatest common factor of s and 24?
12
Let l = -15 - -9. Let o = 14 - l. Let d(c) = 7*c**2 + 5. Let n be d(-5). Calculate the greatest common divisor of o and n.
20
Suppose -3 = -5*l - 28, 2*q - 3*l - 21 = 0. Suppose q*m + 0 = 39. Calculate the highest common divisor of m and 26.
13
Let v be (-60)/(-18) + 2/(-6). Suppose -7*x = -v*x - 80. Calculate the highest common factor of x and 4.
4
Let b be (-2176)/(-72) + 2/(-9). Suppose 0*c = c - b. What is the highest common factor of 20 and c?
10
Let u(s) be the second derivative of -2*s**3/3 - 5*s**2/2 - 4*s. Let w be u(-4). Calculate the highest common factor of w and 1.
1
Suppose 0*x = 3*x, -5*x = 3*m. Suppose m = -f + 1 + 26. What is the greatest common divisor of f and 18?
9
Suppose 22 = -0*c + 2*c. Let o be (-132)/(-9)*(-6)/(-4). Calculate the highest common divisor of o and c.
11
Let o = -5 + 8. Let i(z) = 2 + 2 - z - o + 4*z**2 + 2*z**2. Let j be i(-2). Calculate the greatest common divisor of j and 9.
9
Let a = -75 + 68. Suppose l + 42 + 30 = 0. Let n be l/a - 8/28. Calculate the greatest common divisor of 30 and n.
10
Let p = 49 + -13. Let x = 3 + -1. Suppose -120 = -2*d - 3*q, x*d - d - 34 = 5*q. What is the highest common factor of p and d?
18
Let l(k) = -7*k + 1. Let j be l(-6). Let o = -1 + j. What is the greatest common factor of 28 and o?
14
Suppose v + 2*j = 4*j + 148, v - 134 = -5*j. Suppose -72*l + 71*l + 16 = 0. Calculate the highest common divisor of l and v.
16
Suppose 5*b - 171 = -46. Let v = b - 16. Calculate the highest common divisor of 45 and v.
9
Let s = 29 + 0. What is the highest common divisor of 290 and s?
29
Let i be ((-30)/(-90))/(2/36). What is the highest common factor of 54 and i?
6
Let o = 22 + 14. Calculate the greatest common divisor of 27 and o.
9
Let i = 111 - 89. Calculate the highest common divisor of 154 and i.
22
Let x be (-11)/(-2)*(-16)/(-4). What is the greatest common divisor of 2 and x?
2
Suppose -4*d = d - 290. Suppose -5*q - x = 15 - d, q = -4*x + 20. Let v be (-28)/8*12/(-21). Calculate the greatest common factor of v and q.
2
Let r(c) = c**3 + 7*c**2 + 2*c - 3. Let z be r(-6). Calculate the greatest common factor of z and 84.
21
Let v = 12 - 7. Suppose 2*h + 6 = 0, 2*p + v*h + 0*h - 57 = 0. What is the greatest common factor of 24 and p?
12
Let x(l) = l**2 - 13*l - 6. Let w be x(10). Let y be (4/12 - 1)*w. What is the greatest common factor of 60 and y?
12
Let t be (-22)/18 - (-8)/36. Let g = 13 + t. Suppose -68 - 4 = -4*d. Calculate the highest common factor of g and d.
6
Suppose 2*r = r, -2*t + 3*r = -200. Let v = -30 - -66. Let j = v + -16. Calculate the greatest common factor of j and t.
20
Suppose 5*j + 10 = -0. Let k = 9 + j. Calculate the greatest common factor of k and 14.
7
Let f be (-1 - 0)*-217 + -1. Calculate the greatest common divisor of f and 24.
24
Let n(u) = 4*u - 5. Let q be n(2). Suppose 144 = q*s - b, -s + 17 = b - 31. Calculate the greatest common divisor of 120 and s.
24
Let t be (-3)/2*2/6*-152. What is the greatest common factor of 19 and t?
19
Let c be (-2 + 1)/((-2)/86). Let l = -41 + 67. Let x = c - l. Calculate the highest common divisor of x and 153.
17
Let l be ((-36)/(-4) - 5) + 84. What is the greatest common divisor of l and 132?
44
Let g(u) = 6 - 6 + 3*u + 9. Let m(w) = -w + 12. Let n be m(5). Let l be g(n). What is the greatest common divisor of 15 and l?
15
Let s(o) = -2*o - 7. Let h be s(-5). Suppose -j = -3*q + 9 - 1, -h*j = 3*q. 